 2*z - h = 3*j, 2*z + 3*j + j = 10. Let n(g) = -g + 12. Calculate n(z).
5
Let n(r) be the second derivative of r**5/20 - 2*r**4/3 - 7*r**3/2 - 5*r**2/2 - 405*r. Determine n(10).
-15
Let f(t) = -t**2 - 3*t. Let g(p) = 17*p**2 - 8*p - 1. Let k(m) = -3*f(m) + g(m). Suppose -2*l = -0*l - 16. Let w(a) = a - 7. Let y be w(l). Give k(y).
20
Let b(a) = a**2 + 13*a + 32. Let u be b(-10). Let z(o) = -o**u + 2*o + 6*o - 4*o + 5*o. Determine z(7).
14
Let k(i) = -9 + 11*i**2 + 8*i**2 - 38*i**2 - 6*i + 6*i**2. Let g(s) = 4*s**2 + 2*s + 3. Suppose p - 21 = 4*p. Let q(j) = p*g(j) - 2*k(j). Determine q(-2).
-7
Let h(b) = -3*b**2 - 4 - 2442*b + 5 + 2422*b. Determine h(-7).
-6
Let n(x) = 27*x**2 - 59*x - 219. Let k(m) = 38*m**2 - 88*m - 329. Let p(y) = 5*k(y) - 7*n(y). What is p(30)?
-22
Suppose 113*o - 116*o - 4*r = -36, 3*o - 3*r - 36 = 0. Let v(y) = 9*y - 94. Give v(o).
14
Suppose -3*f - 2*f - j + 15 = 0, 0 = -4*f + j + 21. Let i = 200 + -195. Let w(p) = -i - 7*p - p - 3*p**2 + 5*p + 4*p**2. Calculate w(f).
-1
Let j = 2 - 14. Let i(p) = 9*p**2 + 10*p + 11*p - 9*p - 10 - 23*p**2 - 5*p**3 + 4*p**3 + 3*p**2. What is i(j)?
-10
Let a be 2/3 + 92/6. Suppose -5*z + 3*m - 4 - 8 = 0, a = 4*z + 4*m. Suppose q + 5*q + 18 = z. Let s(n) = n**2 - n + 2. What is s(q)?
14
Let w(p) = 4*p + 14. Let v(k) = k**3 - 2*k**2 - 9*k - 5. Let z be v(-2). What is w(z)?
2
Let v(p) be the third derivative of p**6/120 - 19*p**5/60 + 4*p**4/3 + 7*p**3 + 14*p**2 - 50*p - 1. Give v(17).
8
Let x(m) be the third derivative of m**5/30 - 7*m**4/24 + 101*m**3/2 - 259*m**2. Let a(z) be the first derivative of x(z). What is a(3)?
5
Let t(x) = 26 - 11*x**2 - x - 40 + 10. Calculate t(-2).
-46
Let z(m) = 2*m**3 + 2*m**2 - 9. Let q(a) = 5*a**3 - 4*a**2 - 3*a - 33. Let i(h) = -q(h) + 3*z(h). Give i(-9).
60
Let x(d) = -494*d + 1459. Let b be x(3). Let a(z) = z**3 + 25*z**2 + 46*z + 10. Calculate a(b).
10
Let z(j) = 12*j + 83. Let c(x) = 7*x + 42. Let r(o) = 5*c(o) - 3*z(o). Give r(-24).
-15
Let i(t) = 3*t**2 - 27*t + 40. Let a(y) = -2*y**2 - y + 14. Let k(j) = -a(j) - i(j). Calculate k(25).
21
Let j = 36461 + -36480. Let t(q) = -q**3 - 17*q**2 + 42*q - 1. Calculate t(j).
-77
Let s be (1/3)/((-87)/(-522)). Let x(u) be the first derivative of 1 + 3*u - 11/2*u**2. What is x(s)?
-19
Suppose 4*h = -28, 7*r = 2*r + 4*h - 102. Let z(a) = a**2 + 16*a - 264. Give z(r).
-4
Let i(v) = v**3 - 2*v**2 - 4*v - 9. Let k = 13670 + -13665. What is i(k)?
46
Let c be 44/(-18) - -18*(-2)/(-81). Let b(u) = 3*u**2 + 7*u - 1. Let g(s) = -s**2 - 2*s. Let j(w) = -2*b(w) - 7*g(w). Calculate j(c).
6
Suppose 527 = -315*f + 212. Let m(s) = -4*s**3 - 2*s. Calculate m(f).
6
Let t(d) = -d**3 - 18*d**2 + 18*d - 17. Let x be t(-19). Let q(p) = 10*p**2 + p**3 - 5*p - 7*p**x - 9*p**2 - 1 + 1. Determine q(7).
14
Let x be 3/((-24)/38)*-1 - 363/484. Let f(n) = -n**3 + 2*n**2 + 3*n. What is f(x)?
-20
Let b(y) = -3*y - 1. Let z(t) = 28*t + 32. Let g(x) = 12*b(x) + z(x). Give g(9).
-52
Let z(s) be the first derivative of -s - 6 + 1/2*s**2 - 1/4*s**4 - 1/3*s**3. Let t = -839 - -836. Give z(t).
14
Let n(g) = -2*g**3 - 62*g**2 - g - 43. Let z be n(-31). Let a(j) = 4*j + 46. Let t be a(z). Let f(c) = 8*c + 2. Calculate f(t).
-14
Suppose -7 = -u + 4*s - 8, 0 = 5*u - 5*s - 40. Let r be 14*(-3 + 21/6). Let n(z) = -r*z - 1 + u*z - z. Calculate n(-4).
-13
Let r(u) be the third derivative of -u**4/24 + 3*u**3/2 - 20094*u**2. Suppose -5*o + 34 - 4 = 0. Calculate r(o).
3
Let s(n) be the third derivative of -1/120*n**6 - 1/3*n**4 - 41*n**2 - 5/6*n**3 + 2*n - 2/15*n**5 + 0. Suppose 7*i + 45 + 4 = 0. Determine s(i).
2
Let h = 13737 + -13708. Let q(s) = -5*s + 103. Determine q(h).
-42
Let k(i) = i**3 + 12*i**2 + 21*i + 8. Let p be (40/24)/(-2*(-7)/(-84)). Calculate k(p).
-2
Let w(z) = -z**3 - 7*z**2 - 3*z + 5. Suppose -h - 5*j - 7 = 0, 4*j = 2*h - 4 - 10. Suppose -31 = 3*y - h*b + 7*b, 0 = 5*y + b + 29. What is w(y)?
-30
Let b(c) be the second derivative of -8*c + 11/2*c**2 - 13/6*c**3 - 1/12*c**4 - 4. Give b(-14).
-3
Let y(m) be the second derivative of 24*m + 0 + 2/3*m**3 - m**2. Let c = 7 + -2. What is y(c)?
18
Let x be 20/(-3)*6/(-5). Let h(m) = -128*m - 3 + 371*m - 120*m - 119*m. Determine h(x).
29
Suppose -120*a = -147*a - 162. Let g(l) = -3*l + l + 5 + l. Calculate g(a).
11
Suppose 2*z - 735 + 739 = 0. Let l(n) = -7*n - 2. What is l(z)?
12
Let j(t) = 16*t**2 + 46*t - 57. Let h be j(1). Let b(u) = 31*u - 154. What is b(h)?
1
Suppose -5*h - 2 = -6*h + 3*p, 2*p - 50 = -3*h. Suppose 4*s = 50 + h. Let m(q) = 21 + 2*q - s - q. Calculate m(-11).
-6
Let q be (184/(-14))/(-4) + 34/(-119). Let b(f) = f**3 + 5*f**2 - 6*f + 2. Let a be b(-6). Let w(s) = s**2 - 3*s**a + 5*s + s**2. Determine w(q).
6
Let m(b) = -7*b - 2974*b**2 + 32 - b**3 + 1475*b**2 + 1487*b**2. What is m(-11)?
-12
Let l(m) = -5*m**3 - 5*m**2 + 7. Let w(j) = -6*j**3 - 6*j**2 + 6. Let z(x) = -5*l(x) + 4*w(x). Let a = -57 - -39. Let u = a + 18. Give z(u).
-11
Let m(u) be the third derivative of u**4/2 + u**3/3 + 83*u**2. Let w(i) = 19*i + 2. Let g(f) = -8*m(f) + 5*w(f). Give g(-5).
-1
Let o(m) = 358*m - m**3 + 355*m + 361*m + 2*m**3 + 6 - 1067*m + 2*m**2. Give o(-5).
-104
Let g(j) = -131*j**2 - 4*j**3 + 256*j**2 + 4 - 101*j**2 - 7*j. Let t(b) = -4*b + b + 6*b**2 + 1 + b - b**3. Let r(q) = 2*g(q) - 9*t(q). Give r(5).
-6
Suppose 24*g + 13 - 61 = 0. Let c(s) = 9*s**2 - 2 + 0*s**2 - 15*s**g - 2 + 4*s + s**3. Determine c(5).
-9
Let r = -7 - -7. Let l(u) = 2*u**2 - 2*u + r*u - 2 - 3*u**2 + u. Let b(x) = 142*x - 2843. Let t be b(20). Give l(t).
-8
Let i(h) = -h**2 - 6*h - 3. Let b(m) be the first derivative of -m**3/3 - 11*m**2/2 + 11*m + 11. Let y be b(-12). Let l be (-12)/((-20)/(-5)) + y. Give i(l).
5
Let b(o) = -4*o + 40. Suppose 0 = 8*l + 4*l - 1212. Let u = l - 92. Let y be b(u). Let j(h) = -h + 1. Calculate j(y).
-3
Let y be -5 + -3*(-4)/12. Let q(n) be the second derivative of n**4/6 + 5*n**3/6 - 3*n - 312. Give q(y).
12
Let o = -78 + 97. Suppose -20*w + o = -1. Let d(n) = -6*n - 1. Determine d(w).
-7
Suppose 0 = -349*s + 362*s - 26. Let r(a) = 12*a**2 + 3*a - 6. Determine r(s).
48
Let m(v) = 4*v**2 - 7*v + 30. Let i(t) = 2*t**2 + 6. Let r(w) = 3*i(w) - m(w). What is r(-7)?
37
Let u(a) be the first derivative of 13664 + a**2 - 13743 - 3*a - 2*a**2. Calculate u(-8).
13
Let s(w) = 19*w + 24. Let o(f) = -23*f - 28. Let y(b) = -6*o(b) - 7*s(b). Give y(3).
15
Let k(h) be the first derivative of -9/2*h**2 - 7/3*h**3 - 5*h - 1/4*h**4 - 77. What is k(-6)?
13
Let h(y) = -3*y**2 - 26*y + 9. Suppose 17*q = 12*q + 5*r - 50, 3*r = 4*q + 39. Calculate h(q).
0
Let d(v) = 71*v**2 - 4*v + 8. Let a(h) = -85*h**2 + 4*h - 9. Let l(n) = 5*a(n) + 6*d(n). Calculate l(4).
3
Let k(g) = -g - 3*g + 0*g - 5. Let p(s) = -11*s - 15. Let l(j) = 8*k(j) - 3*p(j). Suppose -81*o - 35*o + 35*o = 405. Give l(o).
0
Let b(j) = 4*j - 14. Let m = 372 + -365. Let o(c) = -2*c + 4. Let y(r) = m*o(r) + 2*b(r). Suppose 2*p - 2 = u, -5*p - 4*u + 7 = 28. What is y(p)?
6
Let i(s) = 22 - s - 75 + 6*s - 54 + 9*s. What is i(8)?
5
Let h be ((-1)/2)/(4/32). Let p(w) be the second derivative of 0 - 5/12*w**4 - 1/20*w**5 + 0*w**2 - 53*w + 0*w**3. What is p(h)?
-16
Let h(w) = -w**3 - 6*w**2 - 6*w - 2. Let r be (3/2)/(0 - (-3)/(-8)). Determine h(r).
-10
Let r(b) be the first derivative of -b**3/3 + 13*b**2 - 168*b - 8699. Calculate r(11).
-3
Let b(z) = 2*z**2 - 8*z - 18. Suppose -v = 2*l - 13, 30 = 2*v + 54*l - 49*l. Calculate b(v).
-8
Let h(a) = 2*a**3 - 4*a**2 + 1. Let j(n) = 19*n**2 + 2*n. Let g(s) = -3*s - 11. Let b be g(-4). Let k be j(b). Suppose -14*f = -7*f - k. Calculate h(f).
19
Let u(b) = b**3 - 4*b**2 + 356*b - 2199. Let j be u(6). Let f(t) = t**3 - 7*t**2 - 13*t - 2. Calculate f(j).
43
Let c = 185 + 25. Suppose -5*l = 230 - c. Let i(p) = 2*p + 5. Determine i(l).
-3
Let b be (-2)/28*-21*(-3)/(-9). Let p(s) be the first derivative of b*s**2 + 4*s - 1. Determine p(-6).
-2
Let m(x) be the third derivative of -4*x**4/3 + 2*x**3/3 - x**2 + 23*x - 12. What is m(1)?
-28
Let j(x) = 2*x**2 + 94*x + 267. Let b be j(-44). Let n(w) = -w**3 + 2*w + 13. What is n(b)?
-8
Let f(o) be the second derivative of 3*o**3/2 - 14*o**2 - 1015*o. Calculate f(3).
-1
Let k(l) = -l**2 - 21. Let p(x) = 6*x**2 + 17*x + 28. Let q be p(-2). Let v be q/48 + (-6)/(-16)*-1. Giv